6
What is the greatest common divisor of 714316 and 172?
172
Calculate the greatest common divisor of 127310 and 20.
10
What is the highest common factor of 32047 and 657?
73
Calculate the highest common divisor of 66 and 503250.
66
What is the greatest common divisor of 122 and 31842?
122
What is the highest common factor of 206999 and 52?
13
What is the greatest common divisor of 132 and 12388332?
132
Calculate the greatest common divisor of 6399 and 1896.
237
Calculate the greatest common factor of 62 and 2450333.
31
Calculate the highest common factor of 32 and 46272.
32
Calculate the highest common divisor of 576 and 18072.
72
What is the greatest common divisor of 1590 and 810?
30
What is the highest common factor of 1279932 and 18?
6
Calculate the highest common divisor of 125 and 14050.
25
Calculate the greatest common divisor of 31536 and 6351.
219
Calculate the highest common factor of 56186 and 104.
26
What is the greatest common divisor of 53949 and 98?
49
What is the greatest common factor of 21 and 12075?
21
What is the greatest common divisor of 364 and 38724?
28
Calculate the highest common factor of 67044 and 60.
12
Calculate the highest common factor of 4608 and 2070.
18
What is the highest common factor of 2976 and 231136?
992
What is the highest common divisor of 76 and 116394?
38
What is the greatest common divisor of 10 and 192845?
5
Calculate the greatest common factor of 3940 and 11229.
197
What is the greatest common divisor of 16629 and 575?
23
Calculate the highest common factor of 1037834 and 98.
14
What is the greatest common factor of 4693875 and 750?
375
What is the greatest common divisor of 137260 and 55?
5
Calculate the highest common divisor of 3705 and 1710.
285
Calculate the greatest common factor of 1893 and 302249.
631
Calculate the highest common factor of 734560 and 96.
32
Calculate the greatest common factor of 2223 and 1976.
247
Calculate the highest common divisor of 77 and 356994.
11
Calculate the highest common divisor of 20 and 8780.
20
Calculate the highest common divisor of 624 and 663.
39
Calculate the highest common divisor of 9135 and 18705.
435
What is the highest common divisor of 2587 and 1305241?
199
What is the greatest common divisor of 1687 and 364?
7
Calculate the highest common factor of 102408 and 2.
2
Calculate the highest common divisor of 2556 and 43523.
71
What is the greatest common divisor of 62 and 152954?
62
Calculate the greatest common factor of 29064 and 20587.
1211
What is the greatest common factor of 87255 and 945?
315
Calculate the greatest common factor of 269430 and 210.
210
What is the greatest common divisor of 234 and 1565694?
234
Calculate the highest common factor of 771 and 7738013.
257
Calculate the highest common divisor of 12209 and 1305.
29
What is the highest common divisor of 1143035 and 145?
145
What is the highest common divisor of 200 and 1483700?
100
Calculate the highest common divisor of 297 and 565488.
297
Calculate the highest common factor of 11284 and 1178.
62
Calculate the greatest common factor of 9772 and 4816.
28
Calculate the greatest common factor of 33823 and 1135.
227
Calculate the greatest common divisor of 66445 and 274.
137
What is the highest common divisor of 2412 and 94470?
402
Calculate the greatest common divisor of 11865 and 1365.
105
What is the greatest common factor of 4872 and 378?
42
Calculate the greatest common divisor of 11 and 781429.
11
What is the highest common factor of 185864 and 1988?
28
Calculate the greatest common divisor of 15218 and 9226.
14
What is the greatest common divisor of 351088 and 16?
16
Calculate the greatest common divisor of 1523 and 7.
1
Calculate the greatest common factor of 39168 and 17.
17
Calculate the highest common divisor of 337 and 572563.
337
What is the greatest common factor of 257142 and 17?
17
Calculate the highest common divisor of 4191 and 858.
33
What is the greatest common divisor of 46784 and 544?
544
What is the greatest common divisor of 9350 and 1062500?
850
What is the highest common factor of 10 and 35502790?
10
What is the highest common factor of 1750 and 56105?
35
Calculate the highest common divisor of 13781460 and 231.
231
What is the highest common factor of 46140 and 284?
4
Calculate the greatest common divisor of 1757 and 721.
7
Calculate the highest common divisor of 396 and 230604.
132
Calculate the highest common divisor of 150 and 14450.
50
What is the greatest common divisor of 19371 and 152033?
587
Calculate the highest common divisor of 320 and 845.
5
What is the greatest common divisor of 1058681 and 65?
13
What is the highest common divisor of 48216 and 35301?
861
What is the highest common divisor of 10515 and 735?
15
Calculate the highest common factor of 9271 and 1679.
73
Calculate the highest common factor of 689 and 8047.
13
What is the greatest common divisor of 3510 and 9490?
130
What is the greatest common divisor of 2586908 and 716?
716
What is the greatest common factor of 18 and 621396?
18
What is the greatest common divisor of 62535 and 1584?
33
Calculate the greatest common divisor of 23 and 184874.
23
Calculate the greatest common divisor of 5856 and 1218780.
732
What is the highest common factor of 86376 and 42456?
1464
What is the highest common factor of 255 and 2055?
15
What is the highest common divisor of 763 and 5886?
109
What is the greatest common divisor of 9000 and 415080?
360
What is the highest common divisor of 2775 and 554075?
925
Calculate the highest common divisor of 2563 and 55.
11
Calculate the greatest common divisor of 1152 and 14.
2
What is the highest common divisor of 416200 and 40?
40
Calculate the greatest common factor of 3505 and 15.
5
Calculate the highest common factor of 35 and 55440.
35
Calculate the greatest common factor of 13018 and 598.
46
What is the greatest common divisor of 128970 and 72?
18
Calculate the greatest common factor of 217 and 1891.
31
What is the highest common factor of 451956 and 36?
12
What is the highest common factor of 72776 and 60371?
827
What is the highest common divisor of 46692 and 3?
3
Calculate the greatest common factor of 81 and 326457.
27
Calculate the highest common factor of 19419 and 12.
3
Calculate the highest common factor of 353 and 35653.
353
Calculate the greatest common factor of 6216788 and 116.
116
Calculate the greatest common divisor of 752 and 848.
16
What is the greatest common factor of 368393 and 3699?
137
What is the greatest common factor of 93 and 126573?
93
Calculate the greatest common factor of 3394 and 22.
2
What is the highest common factor of 1566311 and 178?
89
Calculate the highest common divisor of 750 and 45810.
30
What is the greatest common divisor of 1809 and 99696?
201
Calculate the greatest common divisor of 1221 and 3108.
111
Calculate the greatest common factor of 189 and 1890.
189
What is the highest common divisor of 810 and 9855?
135
Calculate the greatest common divisor of 53312 and 49.
49
What is the highest common factor of 232739 and 559?
13
What is the greatest common divisor of 7368 and 3082280?
2456
Calculate the highest common factor of 646 and 84949.
323
What is the greatest common divisor of 58 and 4568?
2
What is the greatest common divisor of 358054 and 68?
34
Calculate the highest common factor of 50471 and 141565.
1231
Calculate the highest common divisor of 122 and 976671.
61
Calculate the highest common divisor of 18031 and 2223.
247
What is the highest common divisor of 12726 and 5502?
42
Calculate the greatest common divisor of 43158 and 102.
6
Calculate the greatest common divisor of 254 and 21463.
127
What is the highest common factor of 1650 and 36150?
150
What is the highest common divisor of 36 and 1116?
36
What is the highest common factor of 1725 and 2231?
23
Calculate the greatest common factor of 15104 and 40.
8
Calculate the greatest common factor of 25125 and 1340.
335
What is the highest common factor of 4972 and 73902?
226
What is the greatest common divisor of 2716 and 110192?
388
What is the greatest common factor of 13 and 1171?
1
What is the greatest common factor of 584210 and 3760?
470
What is the highest common divisor of 3615 and 1455?
15
What is the highest common factor of 8142 and 37417